*b - 864. Calculate the remainder when 1175 is divided by o(-11).
35
Suppose 3*s = -0*s + y - 373, -5*y = -s - 129. Let v = s - -174. What is the remainder when v is divided by 13?
11
Suppose 3*d = -2*x - 2, -2*x = -2*d + 3*d - 6. Suppose -3*f = 3*y - 24, 0 = 6*f - x*f + 4*y - 2. What is the remainder when 27 is divided by f?
7
Suppose -3*a = 13*f - 14*f - 118, -4*a + 154 = 2*f. What is the remainder when 584 is divided by a?
38
Suppose -4*n + 50 = 3*y - 4*y, 0 = -5*n + 3*y + 59. Let r = 24 - n. What is the remainder when 40 is divided by r?
7
Let p = 381 + -330. Suppose 4*z + 3*r - 123 = 0, -58 = -5*z - r + 82. Calculate the remainder when p is divided by z.
24
Let c(w) = -1 + 39*w - 36*w + 13*w. Let d = 13 + -4. What is the remainder when c(1) is divided by d?
6
Let u = -8 - -17. Let i(p) be the first derivative of p**2 - p - 1. What is the remainder when 31 is divided by i(u)?
14
Let v(g) = 2*g - 14. Let u(q) = -2*q + 4. Let k be u(-3). Let f be v(k). Suppose f = -r + 35. Calculate the remainder when r is divided by 15.
14
Suppose -3*j + 4*p - 88 = -271, p = 5*j - 288. What is the remainder when j/2*(-5 + 7) is divided by 20?
17
Let u be (-18)/((-9)/(27/2)). Let b = u - 27. Suppose b + 4 = 2*y. Calculate the remainder when y is divided by 2.
0
Let r = -2 + 0. Let i be (-207)/(-6)*6/9. Let s = r + i. Calculate the remainder when s is divided by 12.
9
Let r = 187 + -182. Let z be 4/6 + 30/9. Suppose -o + 39 = -w + 3*w, r*w + z*o - 93 = 0. Calculate the remainder when w is divided by 6.
3
Suppose -3*l - 2*x + 154 = -30, -4*x + 128 = 2*l. What is the remainder when l is divided by (-16 + 14)*(-168)/16?
18
Let j(l) = l + 6. Let t be j(6). Let d = t - 1. Calculate the remainder when 30 is divided by d.
8
Suppose 5*w + 5*s - 358 = 3*s, 69 = w + 3*s. Calculate the remainder when w is divided by 15.
12
Suppose -12 = 4*j - 8*j. Suppose j*t - 6*t = -153. Calculate the remainder when 150 is divided by t.
48
Let a = -57 + 60. Suppose -a*j + 37 = h, -2*j + 7*j - 107 = -3*h. Calculate the remainder when h is divided by 15.
4
Suppose 20 = -b + 30. What is the remainder when b is divided by 5?
0
Let h(s) = 5*s + 4. Let y be h(-4). Let m = 18 + y. Suppose m*w + 0 = 2*d - 26, w + 64 = 4*d. Calculate the remainder when d is divided by 10.
7
Let b = 105 - 93. What is the remainder when 55 is divided by b?
7
Suppose 0*b - 2*w + 140 = 2*b, b + 3*w = 72. Suppose 5*o - 36 = -4*u + b, -4*o - 72 = -2*u. Let k = -15 + u. What is the remainder when k is divided by 6?
3
Let z be ((-104)/(-40))/(1/5). Let w = z - 13. Let d(k) = -k**2 - k + 7. What is the remainder when d(w) is divided by 3?
1
Let q = 1443 - 1350. Calculate the remainder when q is divided by 10.
3
Let p be 0/(-1)*(-1)/2. Suppose 5*h - 20 - 150 = p. Calculate the remainder when h is divided by 12.
10
Suppose 31*i = -475 + 1932. What is the remainder when 170 is divided by i?
29
Let j be (2/(-3) - 0)/((-2)/12). Let i(p) = -p. Let h(f) = 4*f + 11. Let a(l) = h(l) + 6*i(l). What is the remainder when 3 is divided by a(j)?
0
Let h(d) = -d**3 + 15*d**2 + 21*d - 35. Let w be h(10). Suppose 8*k + 171 = w. Calculate the remainder when k is divided by 2*((0 - -11) + 0).
19
Let v = -142 + 152. Let o = 43 - 31. Let y = o - v. What is the remainder when 3 is divided by y?
1
Suppose -8755 = -0*j - 5*j - 5*n, -5*n = 2*j - 3499. What is the remainder when 79 is divided by (2/9)/(-1) - j/(-108)?
15
Suppose 0*d + 3*d - 9 = 3*r, 2*r + 9 = 3*d. Suppose -2*g + 41 - 7 = r. Let z = 30858 + -30852. Calculate the remainder when g is divided by z.
5
What is the remainder when 375 is divided by (58/5)/((-22)/(-55))?
27
Let k = -385 + 397. Suppose 3*h = 3*i + 60, 0 = 3*h - 7*h - 4*i + 88. What is the remainder when h is divided by k?
9
Let l = -31 + 21. Suppose -4*y + 205 = 3*m, -3*m + 361 = 2*m - 3*y. What is the remainder when m is divided by (-111)/(-6) - (-5)/l?
17
Suppose -68*b = -64*b - 160. Calculate the remainder when 158 is divided by b.
38
Suppose q = -0*q + o, 3*q = -2*o + 15. Suppose 2*b + 106 = q*b. What is the remainder when b is divided by 22?
18
Let a(k) = -k - 1. What is the remainder when 48 is divided by a(-8)?
6
Let h(o) = 9*o**2 - 4*o - 1. Let w(v) = -19*v**2 + 11*v**2 + 10*v**2 + 5*v - 14*v + 5. Calculate the remainder when h(3) is divided by w(6).
22
Let u(v) = v**3 + v**2 - v + 2. Let n be u(3). Suppose -n = -4*j + 3*j. Calculate the remainder when j is divided by 76/8 + 2/4.
5
Let b(z) = -z**3 - 2*z**2 - 7*z - 6. Calculate the remainder when (-7)/(28/(-304)) - -3 is divided by b(-2).
7
Suppose 42 = 8*x - x. Let h(j) = 5*j - 14. Calculate the remainder when 43 is divided by h(x).
11
Calculate the remainder when (-8 - -1) + (-396)/(-11) is divided by 18.
11
Let l = 821 - 796. Calculate the remainder when 125 is divided by l.
0
What is the remainder when ((-24)/(-3))/24 - 332/(-12) is divided by 3?
1
Suppose -h + 3 + 18 = 0. What is the remainder when 55 is divided by h?
13
Let g(d) = 2*d**2 + 3*d + 2. Let f be (2 - -1) + 0/(-4). Let q = 5 + f. What is the remainder when g(-4) is divided by q?
6
Let r = 35 + -20. Suppose 0 = 3*a - 3*b - 108, 19*b - 4 = 17*b. Calculate the remainder when a is divided by r*((-5)/(-3) + -1).
8
Suppose -2*r - 1 = 9, -3*t + r = -248. Suppose -4*v + 17 = 2*d - 51, -5*v = -4*d + 188. Calculate the remainder when t is divided by d.
39
Let d(k) = -k + 2. Let s(i) = 2*i - 43. Let t(v) = -4*d(v) - s(v). Let b(a) = -a**3 - 2*a**2 - a + 4. Calculate the remainder when t(13) is divided by b(-3).
13
Let y be (16/6 + 12/(-18))*2. Let g = y - -15. What is the remainder when g is divided by 3?
1
Let g(f) = -115*f + 4. Let o be g(1). Let l = o + 141. Calculate the remainder when 49 is divided by l.
19
Let f = 1221 + -1210. Suppose 4*y - 7 = 5. Calculate the remainder when f is divided by y.
2
Let i(c) be the third derivative of -c**5/60 + 19*c**4/24 + 11*c**3/6 + 44*c**2. Calculate the remainder when 173 is divided by i(18).
28
Suppose 3*b + 5 - 65 = 3*p, -p + 2 = 0. Calculate the remainder when 153 is divided by b.
21
Let d = 29 + -23. Let j = -2 + 3. What is the remainder when 7 is divided by ((-8)/d)/(j/(-3))?
3
Let u(h) = h**2 - h - 8. Let i be u(5). Let j(o) = -2*o - 1. Calculate the remainder when i/2 + 7/(-7) is divided by j(-2).
2
Let m(n) = 5*n**2 + 91*n - 59. Suppose -6*o = -10*o + 40. Calculate the remainder when m(-19) is divided by o.
7
Suppose -5*l + 13 = -72. Suppose l = -5*z - 2*t + 67, 4*z - 52 = -4*t. What is the remainder when 30 is divided by z?
6
Suppose 2*m = -2*m + 24. Let u(k) = 12*k + 18. Let o be u(-2). Calculate the remainder when ((-28)/o)/(12*(-10)/(-540)) is divided by m.
3
Suppose 3*k - 12 = 0, -5*z + 9*z - 80 = k. Let w(s) = -s**3 - 3*s**2 + 6*s + 4. Let o be w(-4). What is the remainder when ((-2)/(-1) - 12)*o is divided by z?
19
Let s(l) = -6*l + 31. Calculate the remainder when 108 is divided by s(2).
13
Suppose 49*q = 120*q - 191842. What is the remainder when q is divided by 16?
14
Let w(y) = -2*y + 3. Let c be w(0). Calculate the remainder when 0 - -16 - (c + -4) is divided by 10.
7
Suppose 0 = m - 5*i - 317, 2*i + 782 = 4*m - 504. Let w = m - 181. What is the remainder when 3/1*w/9 is divided by 16?
15
Suppose 25*x = -389 + 1489. What is the remainder when x is divided by 25?
19
Let f = -7 + 22. Calculate the remainder when (-8*3/20)/(-3 + 148/50) is divided by f.
0
Let u be (0 + -1)*(2 + -2 - 6). Suppose 2*y + 2*l = 30, u*l = -4*y + l + 60. Let s = 188 + -130. Calculate the remainder when s is divided by y.
13
Suppose 2*y + 2*c - 52 = 0, 5*c = 2*y + 3*c - 52. Calculate the remainder when 622 is divided by y.
24
Let r = 2383 - 2098. Calculate the remainder when r is divided by 145.
140
Suppose 0 = p - 5*q - 15, 0*p + 2*q = -p - 20. Let g = p - -19. What is the remainder when 26 is divided by g?
8
Suppose -3*q + 25*i = 24*i - 138, 3*i + 92 = 2*q. What is the remainder when 178 is divided by q?
40
Suppose -37*m = -38*m + 332. What is the remainder when m is divided by 85?
77
Let r(n) = n**2 + 4*n - 7. Let c be (-6 + 3)*(-4)/3. Let m = c - 11. What is the remainder when r(m) is divided by 4?
2
Let y(o) = o**2 + 2. What is the remainder when (-526)/(-10) - (-9)/(-15) is divided by y(2)?
4
Suppose -4*f + 2*f + 36 = 0. Let k = 492 - 283. Suppose -x + 74 = u +